is the tens digit of 102567?
6
What is the thousands digit of 11002?
1
What is the units digit of 136?
6
What is the units digit of 737?
7
What is the hundreds digit of 473?
4
What is the tens digit of 11250?
5
What is the tens digit of 51358?
5
What is the hundreds digit of 8382?
3
What is the hundreds digit of 3851?
8
What is the units digit of 1415?
5
What is the thousands digit of 4063?
4
What is the hundreds digit of 1388?
3
What is the units digit of 4734?
4
What is the ten thousands digit of 46405?
4
What is the tens digit of 47846?
4
What is the hundreds digit of 5577?
5
What is the hundreds digit of 2136?
1
What is the thousands digit of 39427?
9
What is the units digit of 1608?
8
What is the thousands digit of 1447?
1
What is the units digit of 425?
5
What is the units digit of 797?
7
What is the tens digit of 2409?
0
What is the units digit of 6282?
2
What is the thousands digit of 4754?
4
What is the hundreds digit of 22749?
7
What is the tens digit of 2099?
9
What is the thousands digit of 3796?
3
What is the units digit of 5331?
1
What is the ten thousands digit of 53603?
5
What is the thousands digit of 5243?
5
What is the units digit of 1987?
7
What is the hundreds digit of 28066?
0
What is the hundreds digit of 4855?
8
What is the hundreds digit of 55532?
5
What is the units digit of 4463?
3
What is the hundreds digit of 5374?
3
What is the units digit of 5776?
6
What is the ten thousands digit of 25313?
2
What is the units digit of 1256?
6
What is the ten thousands digit of 93402?
9
What is the tens digit of 1135?
3
What is the ten thousands digit of 54437?
5
What is the tens digit of 15105?
0
What is the tens digit of 8867?
6
What is the units digit of 1908?
8
What is the units digit of 22582?
2
What is the tens digit of 782?
8
What is the units digit of 184?
4
What is the ten thousands digit of 21778?
2
What is the hundreds digit of 3232?
2
What is the tens digit of 760?
6
What is the tens digit of 28284?
8
What is the tens digit of 7352?
5
What is the tens digit of 87?
8
What is the hundreds digit of 775?
7
What is the tens digit of 10860?
6
What is the tens digit of 145029?
2
What is the units digit of 6739?
9
What is the hundreds digit of 21041?
0
What is the ten thousands digit of 65819?
6
What is the ten thousands digit of 64090?
6
What is the units digit of 22283?
3
What is the units digit of 460?
0
What is the thousands digit of 2041?
2
What is the units digit of 1012?
2
What is the thousands digit of 142241?
2
What is the units digit of 73080?
0
What is the hundreds digit of 2112?
1
What is the units digit of 4122?
2
What is the tens digit of 598?
9
What is the tens digit of 987?
8
What is the hundreds digit of 8345?
3
What is the hundreds digit of 5268?
2
What is the thousands digit of 3535?
3
What is the hundreds digit of 25548?
5
What is the hundreds digit of 9336?
3
What is the hundreds digit of 1212?
2
What is the tens digit of 104018?
1
What is the units digit of 19993?
3
What is the hundred thousands digit of 123179?
1
What is the ten thousands digit of 29822?
2
What is the hundreds digit of 19238?
2
What is the hundreds digit of 37071?
0
What is the thousands digit of 5920?
5
What is the hundreds digit of 2224?
2
What is the units digit of 1006?
6
What is the thousands digit of 11652?
1
What is the hundreds digit of 652?
6
What is the units digit of 793?
3
What is the thousands digit of 4519?
4
What is the units digit of 1439?
9
What is the hundreds digit of 3932?
9
What is the units digit of 2059?
9
What is the tens digit of 83979?
7
What is the tens digit of 13?
1
What is the thousands digit of 6533?
6
What is the tens digit of 3888?
8
What is the tens digit of 46438?
3
What is the thousands digit of 1105?
1
What is the thousands digit of 3340?
3
What is the ten thousands digit of 18486?
1
What is the units digit of 279?
9
What is the hundreds digit of 940?
9
What is the units digit of 85610?
0
What is the thousands digit of 1768?
1
What is the tens digit of 24263?
6
What is the units digit of 6310?
0
What is the thousands digit of 17405?
7
What is the hundreds digit of 200?
2
What is the tens digit of 1778?
7
What is the hundreds digit of 5200?
2
What is the units digit of 2128?
8
What is the units digit of 6544?
4
What is the ten thousands digit of 12160?
1
What is the units digit of 112?
2
What is the hundred thousands digit of 116117?
1
What is the thousands digit of 4427?
4
What is the ten thousands digit of 151948?
5
What is the hundreds digit of 1174?
1
What is the tens digit of 3753?
5
What is the hundreds digit of 19017?
0
What is the thousands digit of 68151?
8
What is the ten thousands digit of 13020?
1
What is the thousands digit of 27928?
7
What is the thousands digit of 33422?
3
What is the tens digit of 1071?
7
What is the tens digit of 29506?
0
What is the tens digit of 5558?
5
What is the tens digit of 43696?
9
What is the tens digit of 41768?
6
What is the thousands digit of 1061?
1
What is the tens digit of 891?
9
What is the hundreds digit of 824?
8
What is the ten thousands digit of 41024?
4
What is the units digit of 5066?
6
What is the tens digit of 346?
4
What is the tens digit of 13?
1
What is the units digit of 3892?
2
What is the units digit of 147?
7
What is the ten thousands digit of 45437?
4
What is the thousands digit of 4312?
4
What is the tens digit of 724?
2
What is the tens digit of 4413?
1
What is the hundreds digit of 2687?
6
What is the tens digit of 753?
5
What is the hundreds digit of 716?
7
What is the units digit of 828?
8
What is the units digit of 3442?
2
What is the tens digit of 2725?
2
What is the tens digit of 3293?
9
What is the ten thousands digit of 172057?
7
What is the thousands digit of 5165?
5
What is the hundreds digit of 4004?
0
What is the thousands digit of 22837?
2
What is the hundreds digit of 781?
7
What is the hundreds digit of 1830?
8
What is the hundreds digit of 3882?
8
What is the hundreds digit of 74441?
4
What is the ten thousands digit of 49625?
4
What is the thousands digit of 2787?
2
What is the tens digit of 1267?
6
What is the units digit of 14418?
8
What is the ten thousands digit of 73123?
7
What is the tens digit of 2046?
4
What is the tens digit of 136?
3
What is the ten thousands digit of 72642?
7
What is the hundreds digit of 274?
2
What is the hundreds digit of 3144?
1
What is the units digit of 8032?
2
What is the ten thousands digit of 23995?
2
What is the hundreds digit of 1288?
2
What is the thousands digit of 9737?
9
What is the units digit of 1024?
4
What is the hundreds digit of 62185?
1
What is the units digit of 10567?
7
What is the units digit of 1362?
2
What is the units digit of 6853?
3
What is the hundreds digit of 14385?
3
What is the thousands digit of 1208?
1
What is the tens digit of 874?
7
What is the thousands digit of 4448?
4
What is the thousands digit of 4115?
4
What is the hundreds digit of 4363?
3
What is the tens digit of 1574?
7
What is the ten thousands digit of 28598?
2
What is the hundreds digit of 10857?
8
What is the tens digit of 67?
6
What is the tens digit of 11515?
1
What is the hundreds digit of 2612?
6
What is the units digit of 6781?
1
What is the tens digit of 1806?
0
What is the hundreds digit of 38886?
8
What is the units digit of 827?
7
What is the units digit of 22218?
8
What is the units digit of 696?
6
What is the units digit of 317?
7
What is the ten thousands digit of 34605?
3
What is the thousands digit of 17972?
7
What is the hundreds digit of 2576?
5
What is the tens digit of 2522?
2
What is the units digit of 644?
4
What is the units digit of 80566?
6
What is the ten thousands digit of 37643?
3
What is the units digit of 453?
3
What is the tens digit of 3874?
7
What is the thousands digit of 34920?
4
What is the thousands digit of 17299?
7
What is the tens digit of 2880?
8
What is the tens digit of 1019?
1
What is the ten thousands digit of 115933?
1
What is the tens digit of 11761?
6
What is the units digit of 8421?
1
What is the ten thousands digit of 42984?
4
What is the thousands digit of 2906?
2
What is the tens digit of 915?
1
What is the thousands digit of 9420?
9
What is the ten thousands digit of 70499?
7
What is the tens digit of 8888?
8
What is the ten thousand